+ 1. Let z be i(1). Suppose -f + 0 = -3. Suppose 278 = z*t - f*t. Is t composite?
True
Let c = 8250 - 4541. Is c a composite number?
False
Let w = 59 - 54. Suppose 4*q - 86 = -2*u, w*u - 4*q = -0*u + 243. Is u a composite number?
False
Let o(q) = -369*q + 497. Is o(-34) a prime number?
True
Let t = 687 - 26267. Is (2/(-4))/(2/t) prime?
False
Let l be (-182)/(-70) - (-4)/10. Suppose l*a - 4*a = -329. Is a prime?
False
Let z(t) = -1067*t - 754. Is z(-19) prime?
False
Is (-2 - 2529/(-7)) + 40/(-140) prime?
True
Let f(g) = g**3 + 5*g**2 - 9*g - 6. Let t be f(-6). Let q(y) = -y**3 + 20*y**2 - 6*y - 7. Is q(t) a composite number?
True
Suppose -33*h = -35*h + 1112. Let y = -8 + 14. Suppose 2*m + h = y*m. Is m a prime number?
True
Suppose 0 = -h - d + 412, 2*h - 7*h = -5*d - 2080. Suppose 5*o = -g - 0*g + h, -94 = -o - 3*g. Is o a prime number?
False
Let g be -3*(-16)/6 + -3. Suppose 5*z - g*t = 2670, -4*z + 3*t + 414 = -1725. Is z composite?
True
Suppose -667 - 953 = -6*y. Suppose -1123 = -p - y. Is p prime?
True
Is -3 - (-5972)/18 - (-2)/9 prime?
False
Suppose -12 = 13*z - 9*z. Is 1/z*31*-3 a prime number?
True
Suppose 7*r + 15 = 2*r - 5*k, 23 = -r - 5*k. Suppose r*d = 860 + 1442. Is d a prime number?
True
Suppose 3*m - 34 - 117 = 5*c, -4*c - 155 = -3*m. Let u = -35 + m. Suppose 0 = 3*b - 23 - u. Is b prime?
False
Let g(x) = -x**3 - 2*x + 5. Suppose -3*b - 33 - 6 = 0. Let i = b - -7. Is g(i) prime?
True
Let h be (-1)/(-3)*24/2. Suppose 5*s = w + 25, h*s - 5*w - 2 = -3. Is 2/(-3) - (-4822)/s prime?
False
Let p(i) = -i**3 - 8*i**2 + 8*i - 9. Let k be p(-9). Suppose 5*h - 35 = 4*g - 8*g, k = -4*g - 2*h + 38. Let z(f) = 20*f - 21. Is z(g) composite?
False
Let o(k) be the first derivative of 5*k**3/3 + 13*k**2/2 - 5*k - 16. Is o(-11) a prime number?
True
Is (5569 - 0)*(-11 - (-156)/13) composite?
False
Let t = 58 + -67. Is 2/8 - t/((-72)/(-3542)) a composite number?
False
Let a(i) = 7*i - 1. Let q be a(-1). Is 6*q/(-12) - -2 composite?
True
Let b(k) = -k**2 - 3*k - 1. Let j be b(-2). Is (j/(-3))/(5/(-2865)) prime?
True
Suppose 377498 = -9*w + 31*w. Is w composite?
False
Let f = 3068 - 1722. Is f composite?
True
Let l(h) = h**3 - 10*h**2 - 8. Suppose -s + 55 = 4*s. Is l(s) a prime number?
True
Suppose -2*o + 11*g - 7*g = -8514, g = 5. Is o a prime number?
False
Suppose 459 = -3*w + 1920. Let z = w + -218. Is z a composite number?
False
Suppose 5*u = 5*y + 645, 2*y + 128 = 2*u - u. Let a = 528 - u. Let l = -147 + a. Is l composite?
False
Is (1 - 0)/((-86)/(-2696702)) a prime number?
True
Suppose -h = -u - 1411, -2*h = 3*u - 6*h + 4236. Let t = -2305 + 1304. Let c = t - u. Is c a prime number?
False
Suppose 0 = -x - 0 + 3. Let k(r) = x - r + 5 - 6. Is k(-8) composite?
True
Let t(l) = -l**3 + 9*l**2 + 9*l + 3. Let m be t(-6). Is ((-8)/(-8))/(1/m) a prime number?
False
Let f(a) be the second derivative of -a**5/20 + a**4/12 + a**3/3 + 197*a**2 - 5*a. Is f(0) a composite number?
True
Let y = -491 - -602. Is y prime?
False
Let o(v) = -80*v + 11. Let w be o(-6). Let z = w + -96. Is z prime?
False
Is (1 - (-118491)/2)/((-206)/(-412)) a prime number?
True
Let l be 2/10 + -54*2/(-10). Suppose l*d = -369 + 1590. Is d prime?
False
Let l be (-5)/(-1) - 48/16. Is (l - 6) + 690 + -3 prime?
True
Let u(a) = a**3 + 6*a**2 - 4*a + 4. Suppose -4*i - 20 = -0. Let s be u(i). Suppose -2*d = -k + s, -3*d + 71 + 55 = 2*k. Is k a prime number?
False
Let l = 2516 - 1208. Let v = -915 + l. Is v a prime number?
False
Let x = -150 + -49. Let s = -102 - x. Is s composite?
False
Let y(j) = 9*j - 3. Let b be y(5). Suppose 12*v + 6 = b. Is v a composite number?
False
Let x(j) = 2*j - 5. Suppose 0 = k - w - 6, 0 = k + w + 3*w + 4. Let g be x(k). Suppose 41 = 2*b - g*s - 0, 3*s = -3*b + 84. Is b a composite number?
True
Let l(a) = a**3 + 8*a**2 - a + 7. Let b be l(-8). Suppose -b*v = -18*v - 6. Is 14/v - -4 - -1214 a prime number?
False
Let r be (1/(-1) + 1)/1. Suppose 3*t - 1 = -g, -5*t + 20 = g - 3*g. Suppose w + t*j - 525 = r, -2*w - 2090 = -6*w - 3*j. Is w a prime number?
True
Let o(s) be the first derivative of -3*s**3 + 3 + 4*s - 3*s**2 - 1/2*s**4. Is o(-7) a prime number?
False
Let g = 313 - 1538. Let u = -576 - g. Is u prime?
False
Let i(t) = -6*t - 43. Let j be i(-8). Suppose -j*k - 563 + 5320 = -2*b, -k - 4*b = -969. Is k prime?
True
Let j be 366/4*16/12. Suppose z - j = 369. Is z composite?
False
Let m(a) = a**2 - 6*a + 15. Let j(k) = k + 9. Let g be j(-6). Suppose -g*h + 5 = -10. Is m(h) a prime number?
False
Is 1 + (-1)/(3/(-2424) + 0) a prime number?
True
Let d be (-2 + 1 + 2)/(7/35). Suppose 8*x - 5*x - 4095 = -3*n, -n - d*x + 1381 = 0. Is n a composite number?
False
Let m(i) = 21*i**2 + 5*i - 1. Suppose -4*r - 2 + 18 = 0. Is m(r) a prime number?
False
Let h(f) = -12*f**3 - 2*f**2 + f + 4. Let s = 38 + -41. Is h(s) a composite number?
False
Let a(x) = 8*x - 65. Is a(11) a prime number?
True
Let m = 106301 - 73992. Is m prime?
True
Suppose -3*u = -3*b - 10065, -4*u = -3*b + 7*b - 13404. Is u composite?
True
Let i(u) = -u**3 + 15*u**2 + 3. Let b be i(15). Let f(y) = 54*y - 5. Let j be f(b). Is (1 - 0)/(1/j) a prime number?
True
Let h = 209 - 79. Let j = -93 + h. Is j a composite number?
False
Is (-220482)/(-21) + (-473)/77 + 6 composite?
False
Suppose 191 = c - 200. Let p = c + -140. Is p prime?
True
Let k(g) = g**3 + 13*g**2 - 8. Let o be k(-9). Suppose -4*c = o - 1544. Is c composite?
False
Suppose -4*n - 4*w = 9268, -404 = 3*n - 3*w + 6541. Is 2 - n - (-15)/5 prime?
False
Let z(l) = 4*l**2 + 10*l - 8. Let v(g) = g**2 - g + 9. Let r be v(0). Let c be z(r). Suppose a - 3*a + c = 0. Is a prime?
False
Let h = -13 + 16. Let b = 1161 + -668. Suppose h*w = 4*i + b, -w - i + 131 = -24. Is w composite?
True
Let w = 102 - 51. Let b = 209 - w. Is b prime?
False
Let x(o) = 60*o - 73. Is x(10) composite?
True
Let q = 109419 - 6214. Is q prime?
False
Let b be -1 - ((-15 - 0) + 4). Let a(r) = 25*r + 7. Is a(b) prime?
True
Suppose 23242 = 6*x + 9076. Is x a prime number?
False
Suppose 0 = -4*h + r + 4280, 0 = -r + 5*r + 16. Is h prime?
True
Suppose t = 18 - 21. Let n(h) = 331*h**2 + 12*h - 4. Is n(t) a composite number?
False
Let w be 14*2*4/12*120. Let p = w - 491. Is p a composite number?
True
Suppose 3*x = 4*x + 3*q - 376, -4*q = -5*x + 1899. Is x composite?
False
Let b = 4130 - -4329. Is b a composite number?
True
Let d(s) = 34*s**2 + 64*s - 67. Is d(15) composite?
False
Let b(w) = 3*w**3 - 5*w**2 - 8*w - 8. Let r be b(9). Suppose -l + 31 + r = 0. Is l a prime number?
True
Let c(i) = -529*i + 180. Is c(-13) prime?
True
Suppose -14 = -2*v + 14. Suppose 0 = -2*g - 2*m + v, 2*g + m - 4*m = 4. Is 1115/g*(-1)/(-1) a prime number?
True
Suppose y = 6 + 3. Suppose -3*g + 3 = y. Is ((g - 1) + -208)/(-1) a composite number?
False
Suppose t = -t + 8. Suppose s = c - 2*s, 0 = t*c - 3*s - 18. Is 753/6*(c - 4) a composite number?
False
Is (-2 - -2)/5*-1 - -6599 prime?
True
Let n(m) = -m - 1 + 798*m**2 + 2*m - m. Let y(f) = f + 4. Let o be y(-3). Is n(o) prime?
True
Let d(z) = -3*z - 6. Let g be d(-6). Suppose 0*t - 2*t = -2*n + g, 21 = 3*n - 4*t. Suppose u = n*u - 46. Is u composite?
False
Suppose 33*c = 37*c - 4, i = -3*c + 52730. Is i prime?
True
Let v(u) = 1054*u + 4. Let c be v(1). Let k = c - 649. Is k prime?
True
Suppose 5*p - 9 = 6. Suppose -p*r - 813 = -3*f, 0 = -5*f + 2*r + r + 1355. Is f composite?
False
Let o(f) = f**3 - 2*f**2 - 5*f + 223. Is o(0) a composite number?
False
Suppose -4*t + 22 = j - 3*j, 1 = -j. Suppose t*g = -3*i + 128 + 1508, g = 2*i - 1095. Is i a prime number?
True
Suppose -3*n + 0 = 1608. Let u = -273 - n. Is u a composite number?
False
Let j = -3 - 4. Let b be 4 + 3 + j + -4. Is (b/(-6))/(20/2910) a prime number?
True
Let z = -10729 + 16314. Is z prime?
False
Let u = -1068 + 1571. Is u composite?
False
Let l = 135521 + -44922. Is l a prime number?
True
Suppose 5*v + 2 = -5*z - 18, 3*z - v + 20 = 0. Is (212/(-24))/(1/z) a composite number?
False
Let q(x) = x**3 + x**2 - x. Let m be q(0). Suppose m = 7*n + 14 - 1449. Is n a composite number?
True
Suppose 0 = -10*a + 11*a - 9743. Is a a prime number?
True
Is -3 + 123/39 - 2004020/(-52) prime?
False
Let r(h) be the second derivative of 13*h**4/12 + 4*h**3/3 - h**2 + 26*h. Is r(7) composite?
False
Let c = -3184 + 14271